{"id":2,"date":"2025-11-13T15:00:52","date_gmt":"2025-11-13T15:00:52","guid":{"rendered":"http:\/\/okph.us.com\/?page_id=2"},"modified":"2026-02-05T04:47:09","modified_gmt":"2026-02-05T04:47:09","slug":"trang-mau","status":"publish","type":"page","link":"http:\/\/okph.us.com\/","title":{"rendered":"Trang m\u1eabu"},"content":{"rendered":"\r\n<h1 style=\"text-align: center;\"><b>OKP: O Principal E Mais Conceituado Site De Apostas Online Da \u00c1sia Em 2026\u00a0<\/b><\/h1>\r\n<p><b><a href=\"http:\/\/okph.us.com\/\">OKP<\/a> <\/b><span style=\"font-weight: 400;\">est\u00e1 ganhando popularidade gra\u00e7as ao seu diversificado ecossistema de entretenimento, opera\u00e7\u00e3o tranquila e pol\u00edticas promocionais acess\u00edveis. Neste artigo, vou detalhar tudo, desde a experi\u00eancia do usu\u00e1rio, reputa\u00e7\u00e3o, produtos, promo\u00e7\u00f5es e servi\u00e7os de suporte, para que voc\u00ea tenha uma vis\u00e3o clara antes de come\u00e7ar.<\/span><\/p>\r\n<h2><b>Vis\u00e3o geral da marca OKP e seu n\u00edvel de credibilidade<\/b><\/h2>\r\n<figure id=\"attachment_187\" aria-describedby=\"caption-attachment-187\" style=\"width: 800px\" class=\"wp-caption aligncenter\"><img loading=\"lazy\" decoding=\"async\" class=\"size-full wp-image-187\" src=\"http:\/\/okph.us.com\/wp-content\/uploads\/2026\/02\/okp-aos-olhos-dos-jogadores-a-credibilidade-vem-da-experiencia-real.jpg\" alt=\"OKP aos olhos dos jogadores, a credibilidade vem da experi\u00eancia real\" width=\"800\" height=\"400\" srcset=\"http:\/\/okph.us.com\/wp-content\/uploads\/2026\/02\/okp-aos-olhos-dos-jogadores-a-credibilidade-vem-da-experiencia-real.jpg 800w, http:\/\/okph.us.com\/wp-content\/uploads\/2026\/02\/okp-aos-olhos-dos-jogadores-a-credibilidade-vem-da-experiencia-real-300x150.jpg 300w, http:\/\/okph.us.com\/wp-content\/uploads\/2026\/02\/okp-aos-olhos-dos-jogadores-a-credibilidade-vem-da-experiencia-real-768x384.jpg 768w\" sizes=\"auto, (max-width: 800px) 100vw, 800px\" \/><figcaption id=\"caption-attachment-187\" class=\"wp-caption-text\">OKP aos olhos dos jogadores, a credibilidade vem da experi\u00eancia real<\/figcaption><\/figure>\r\n<p><span style=\"font-weight: 400;\">OKP \u00e9 uma das plataformas de entretenimento online com um crescimento de comunidade bastante r\u00e1pido nos \u00faltimos 12 meses, especialmente entre os usu\u00e1rios que priorizam opera\u00e7\u00e3o \u00e1gil e uma interface f\u00e1cil de aprender. Um recurso muito apreciado \u00e9 seu layout limpo e organizado, al\u00e9m da navega\u00e7\u00e3o l\u00f3gica, que evita que os iniciantes se sintam sobrecarregados.<\/span><\/p>\r\n<p><span style=\"font-weight: 400;\">Em termos de opera\u00e7\u00e3o, a plataforma \u00e9 tipicamente otimizada para priorizar a velocidade: tempos de carregamento de p\u00e1gina mais curtos, menor atraso na transi\u00e7\u00e3o entre se\u00e7\u00f5es e menos etapas para dep\u00f3sitos e saques. Al\u00e9m disso, o sistema foca na experi\u00eancia mobile, que representa uma grande parcela do comportamento de acesso atual (na verdade, muitas plataformas relatam que usu\u00e1rios de dispositivos m\u00f3veis frequentemente ultrapassam 70% do tr\u00e1fego total no setor de entretenimento online).<\/span><\/p>\r\n<p><span style=\"font-weight: 400;\">De forma geral, a OKP se concentra em construir uma marca de maneira pragm\u00e1tica: uma gama suficientemente ampla de produtos, promo\u00e7\u00f5es consistentes e suporte r\u00e1pido, em vez de buscar recursos complexos em excesso.<\/span><\/p>\r\n<h2><b>Um ecossistema diversificado entretenimento premium e experi\u00eancias de usu\u00e1rio<\/b><\/h2>\r\n<figure id=\"attachment_176\" aria-describedby=\"caption-attachment-176\" style=\"width: 800px\" class=\"wp-caption aligncenter\"><img loading=\"lazy\" decoding=\"async\" class=\"size-full wp-image-176\" src=\"http:\/\/okph.us.com\/wp-content\/uploads\/2026\/02\/a-sala-de-jogos-okp-e-a-sensacao-de-poder-jogar-imediatamente.jpg\" alt=\"A sala de jogos OKP e a sensa\u00e7\u00e3o de poder jogar imediatamente\" width=\"800\" height=\"400\" srcset=\"http:\/\/okph.us.com\/wp-content\/uploads\/2026\/02\/a-sala-de-jogos-okp-e-a-sensacao-de-poder-jogar-imediatamente.jpg 800w, http:\/\/okph.us.com\/wp-content\/uploads\/2026\/02\/a-sala-de-jogos-okp-e-a-sensacao-de-poder-jogar-imediatamente-300x150.jpg 300w, http:\/\/okph.us.com\/wp-content\/uploads\/2026\/02\/a-sala-de-jogos-okp-e-a-sensacao-de-poder-jogar-imediatamente-768x384.jpg 768w\" sizes=\"auto, (max-width: 800px) 100vw, 800px\" \/><figcaption id=\"caption-attachment-176\" class=\"wp-caption-text\">A sala de jogos OKP e a sensa\u00e7\u00e3o de poder jogar imediatamente<\/figcaption><\/figure>\r\n<p><span style=\"font-weight: 400;\">O apelo de uma marca muitas vezes vem de ser &#8220;suficiente, mas n\u00e3o entediante&#8221;, e a OKP segue essa dire\u00e7\u00e3o perfeitamente: m\u00faltiplas categorias de jogos para oferecer variedade, facilidade de investimento e jogabilidade din\u00e2mica.<\/span><\/p>\r\n<h3><b>Um cat\u00e1logo de jogos diversificado, constantemente atualizado para acompanhar as tend\u00eancias<\/b><\/h3>\r\n<p><span style=\"font-weight: 400;\">Os dois fatores que mais importam para os jogadores s\u00e3o a variedade e a frequ\u00eancia de atualiza\u00e7\u00f5es. De fato, as plataformas que ret\u00eam bem os jogadores geralmente oferecem de 200 a 500 op\u00e7\u00f5es\/varia\u00e7\u00f5es de jogos diferentes, o suficiente para evitar que os jogadores se entediem por um longo per\u00edodo.<\/span><\/p>\r\n<p><span style=\"font-weight: 400;\">OKP geralmente, focam em conte\u00fado acess\u00edvel e din\u00e2mico, adequado tanto para jogadores iniciantes quanto experientes. Um recurso fundamental \u00e9 a categoriza\u00e7\u00e3o clara por lobby, n\u00edvel de apostas e g\u00eanero, o que economiza tempo na busca.<\/span><\/p>\r\n<h3><b>Layout intuitivo, navega\u00e7\u00e3o r\u00e1pida tanto em celular quanto em computador<\/b><\/h3>\r\n<p><span style=\"font-weight: 400;\">Uma boa plataforma n\u00e3o se resume apenas a &#8220;ter algo para fazer&#8221;, mas tamb\u00e9m a permitir que os usu\u00e1rios acessem o conte\u00fado desejado com apenas alguns toques. A experi\u00eancia ideal geralmente gira em torno de tr\u00eas crit\u00e9rios: opera\u00e7\u00f5es m\u00ednimas, carregamento r\u00e1pido de p\u00e1ginas e visualiza\u00e7\u00e3o clara em telas pequenas.<\/span><\/p>\r\n<p><span style=\"font-weight: 400;\">Gra\u00e7as ao seu design modular, elementos importantes como o lobby do jogo OKP, promo\u00e7\u00f5es, transa\u00e7\u00f5es e suporte geralmente ficam ao alcance das m\u00e3os. Isso ajuda a reduzir erros, principalmente quando os jogadores usam seus celulares para participar.<\/span><\/p>\r\n<h3><b>Qualidade e estabilidade da conex\u00e3o de internet durante os hor\u00e1rios de pico<\/b><\/h3>\r\n<p><span style=\"font-weight: 400;\">Os hor\u00e1rios de pico geralmente ocorrem \u00e0 noite, quando o tr\u00e1fego aumenta consideravelmente. Muitas plataformas com infraestrutura prec\u00e1ria podem apresentar lentid\u00e3o, atrasos ou serem desconectadas das sess\u00f5es.<\/span><\/p>\r\n<p><span style=\"font-weight: 400;\">OKP isso tende a otimizar a estabilidade, distribuindo a carga entre os clusters de servidores e mantendo sess\u00f5es de login mais persistentes. Para os jogadores, isso se reflete em uma experi\u00eancia de &#8220;troca de lobby fluida&#8221;, tempos de resposta de comandos mais r\u00e1pidos e menos erros durante o jogo.<\/span><\/p>\r\n<h2><b>Ofertas e promo\u00e7\u00f5es para jogadores de OKP<\/b><\/h2>\r\n<figure id=\"attachment_184\" aria-describedby=\"caption-attachment-184\" style=\"width: 800px\" class=\"wp-caption aligncenter\"><img loading=\"lazy\" decoding=\"async\" class=\"size-full wp-image-184\" src=\"http:\/\/okph.us.com\/wp-content\/uploads\/2026\/02\/descubra-uma-variedade-de-ofertas-para-apostadores.jpg\" alt=\"Descubra uma variedade de ofertas para apostadores\" width=\"800\" height=\"400\" srcset=\"http:\/\/okph.us.com\/wp-content\/uploads\/2026\/02\/descubra-uma-variedade-de-ofertas-para-apostadores.jpg 800w, http:\/\/okph.us.com\/wp-content\/uploads\/2026\/02\/descubra-uma-variedade-de-ofertas-para-apostadores-300x150.jpg 300w, http:\/\/okph.us.com\/wp-content\/uploads\/2026\/02\/descubra-uma-variedade-de-ofertas-para-apostadores-768x384.jpg 768w\" sizes=\"auto, (max-width: 800px) 100vw, 800px\" \/><figcaption id=\"caption-attachment-184\" class=\"wp-caption-text\">Descubra uma variedade de ofertas para apostadores<\/figcaption><\/figure>\r\n<p><span style=\"font-weight: 400;\">Boas recompensas n\u00e3o se resumem a &#8220;grandes somas em banners&#8221;, mas sim a condi\u00e7\u00f5es claras e frequ\u00eancia razo\u00e1vel. Muitos jogadores preferem recompensas moderadas, por\u00e9m f\u00e1ceis de obter, a pacotes extremamente grandes com requisitos dif\u00edceis de cumprir.<\/span><\/p>\r\n<h3><b>Tabela que resume os tipos mais populares de promo\u00e7\u00f5es por categoria<\/b><\/h3>\r\n<p><span style=\"font-weight: 400;\">Antes de analisarmos cada tipo, \u00e9 importante entender que as promo\u00e7\u00f5es s\u00e3o geralmente categorizadas em grupos para novos usu\u00e1rios, programas de cashback e eventos semanais\/mensais. Abaixo, voc\u00ea encontrar\u00e1 uma tabela resumida dos tipos de recompensas mais comuns no mercado, para ajud\u00e1-lo a visualiz\u00e1-las ao compar\u00e1-las com o OKP:<\/span><\/p>\r\n<table>\r\n<tbody>\r\n<tr>\r\n<td>\r\n<p><b>Grupo Preferencial<\/b><\/p>\r\n<\/td>\r\n<td>\r\n<p><b>Alvo<\/b><\/p>\r\n<\/td>\r\n<td>\r\n<p><b>Popularidade<\/b><\/p>\r\n<\/td>\r\n<td>\r\n<p><b>Freq\u00fc\u00eancia<\/b><\/p>\r\n<\/td>\r\n<\/tr>\r\n<tr>\r\n<td>\r\n<p><span style=\"font-weight: 400;\">B\u00f4nus de boas-vindas<\/span><\/p>\r\n<\/td>\r\n<td>\r\n<p><span style=\"font-weight: 400;\">Crie uma experi\u00eancia inicial.<\/span><\/p>\r\n<\/td>\r\n<td>\r\n<p><span style=\"font-weight: 400;\">50%\u2013150%<\/span><\/p>\r\n<\/td>\r\n<td>\r\n<p><span style=\"font-weight: 400;\">1 vez\/conta<\/span><\/p>\r\n<\/td>\r\n<\/tr>\r\n<tr>\r\n<td>\r\n<p><span style=\"font-weight: 400;\">Reembolso com base nas apostas<\/span><\/p>\r\n<\/td>\r\n<td>\r\n<p><span style=\"font-weight: 400;\">Reter jogadores<\/span><\/p>\r\n<\/td>\r\n<td>\r\n<p><span style=\"font-weight: 400;\">0,3%\u20131,5%<\/span><\/p>\r\n<\/td>\r\n<td>\r\n<p><span style=\"font-weight: 400;\">Por dia\/semana<\/span><\/p>\r\n<\/td>\r\n<\/tr>\r\n<tr>\r\n<td>\r\n<p><span style=\"font-weight: 400;\">Tarefas de acumula\u00e7\u00e3o<\/span><\/p>\r\n<\/td>\r\n<td>\r\n<p><span style=\"font-weight: 400;\">Aumentar a atividade<\/span><\/p>\r\n<\/td>\r\n<td>\r\n<p><span style=\"font-weight: 400;\">10\u2013200 pontos<\/span><\/p>\r\n<\/td>\r\n<td>\r\n<p><span style=\"font-weight: 400;\">Por data<\/span><\/p>\r\n<\/td>\r\n<\/tr>\r\n<tr>\r\n<td>\r\n<p><span style=\"font-weight: 400;\">Eventos sazonais<\/span><\/p>\r\n<\/td>\r\n<td>\r\n<p><span style=\"font-weight: 400;\">Incentive a participa\u00e7\u00e3o.<\/span><\/p>\r\n<\/td>\r\n<td>\r\n<p><span style=\"font-weight: 400;\">Presentes\/b\u00f4nus<\/span><\/p>\r\n<\/td>\r\n<td>\r\n<p><span style=\"font-weight: 400;\">De acordo com a campanha<\/span><\/p>\r\n<\/td>\r\n<\/tr>\r\n<\/tbody>\r\n<\/table>\r\n<h3><b>Os crit\u00e9rios para receber a recompensa s\u00e3o claros e f\u00e1ceis de entender<\/b><\/h3>\r\n<p><span style=\"font-weight: 400;\">Uma boa oferta deve vir acompanhada de condi\u00e7\u00f5es facilmente verific\u00e1veis: requisitos de rollover razo\u00e1veis, prazos claros e transpar\u00eancia em rela\u00e7\u00e3o aos jogos participantes. Na pr\u00e1tica, as taxas de rollover comuns no mercado geralmente variam de 5x a 15x, dependendo do pacote.<\/span><\/p>\r\n<p><span style=\"font-weight: 400;\">OKP eles geralmente buscam programas com requisitos f\u00e1ceis de entender, para que os novatos n\u00e3o se confundam com muitos termos repetidos. Isso \u00e9 uma vantagem, pois reduz disputas quando os jogadores querem sacar suas recompensas.<\/span><\/p>\r\n<h3><b>Dicas para aproveitar ao m\u00e1ximo as promo\u00e7\u00f5es e obter o m\u00e1ximo valor<\/b><\/h3>\r\n<p><span style=\"font-weight: 400;\">Otimizar promo\u00e7\u00f5es n\u00e3o exige &#8220;grandes apostas&#8221;, mas sim a estrat\u00e9gia certa. Se voc\u00ea jogar de forma consistente, cashback e recompensas baseadas em miss\u00f5es ser\u00e3o mais vantajosas a longo prazo do que simplesmente correr atr\u00e1s de b\u00f4nus iniciais. Aqui est\u00e3o algumas dicas b\u00e1sicas que costumam funcionar:<\/span><\/p>\r\n<ul>\r\n<li style=\"font-weight: 400;\" aria-level=\"1\"><span style=\"font-weight: 400;\">Se voc\u00ea joga casualmente por divers\u00e3o, priorize pacotes de baixo custo.<\/span><\/li>\r\n<li style=\"font-weight: 400;\" aria-level=\"1\"><span style=\"font-weight: 400;\">Divida seu capital em quantias menores, evitando investir tudo de uma vez, pois isso pode facilmente interromper seu progresso.<\/span><\/li>\r\n<li style=\"font-weight: 400;\" aria-level=\"1\"><span style=\"font-weight: 400;\">Acompanhe os prazos de resgate e as datas de vencimento das recompensas.<\/span><\/li>\r\n<\/ul>\r\n<h2><b>Transa\u00e7\u00f5es r\u00e1pidas e seguras na OKP<\/b><\/h2>\r\n<figure id=\"attachment_188\" aria-describedby=\"caption-attachment-188\" style=\"width: 800px\" class=\"wp-caption aligncenter\"><img loading=\"lazy\" decoding=\"async\" class=\"size-full wp-image-188\" src=\"http:\/\/okph.us.com\/wp-content\/uploads\/2026\/02\/principais-vantagens-ao-depositar-sacar-dinheiro.jpg\" alt=\"Principais vantagens ao depositar\/sacar dinheiro\u00a0\" width=\"800\" height=\"400\" srcset=\"http:\/\/okph.us.com\/wp-content\/uploads\/2026\/02\/principais-vantagens-ao-depositar-sacar-dinheiro.jpg 800w, http:\/\/okph.us.com\/wp-content\/uploads\/2026\/02\/principais-vantagens-ao-depositar-sacar-dinheiro-300x150.jpg 300w, http:\/\/okph.us.com\/wp-content\/uploads\/2026\/02\/principais-vantagens-ao-depositar-sacar-dinheiro-768x384.jpg 768w\" sizes=\"auto, (max-width: 800px) 100vw, 800px\" \/><figcaption id=\"caption-attachment-188\" class=\"wp-caption-text\">Principais vantagens ao depositar\/sacar dinheiro<\/figcaption><\/figure>\r\n<p><span style=\"font-weight: 400;\">\u00c9 nas transa\u00e7\u00f5es que a &#8220;confiabilidade&#8221; de uma plataforma \u00e9 demonstrada com maior clareza. Os jogadores geralmente se preocupam com tr\u00eas coisas: conveni\u00eancia, velocidade e seguran\u00e7a.<\/span><\/p>\r\n<h3><b>M\u00e9todos populares de dep\u00f3sito e saque e limites<\/b><\/h3>\r\n<p><span style=\"font-weight: 400;\">O sistema OKP atualmente suporta v\u00e1rios m\u00e9todos, desde transfer\u00eancias banc\u00e1rias e carteiras eletr\u00f4nicas at\u00e9 leitura de c\u00f3digos QR. Uma caracter\u00edstica fundamental \u00e9 a flexibilidade nos limites de gastos, j\u00e1 que os jogadores t\u00eam necessidades muito diferentes.<\/span><\/p>\r\n<table>\r\n<tbody>\r\n<tr>\r\n<td>\r\n<p><b>M\u00e9todo<\/b><\/p>\r\n<\/td>\r\n<td>\r\n<p><b>Tempo de carregamento<\/b><\/p>\r\n<\/td>\r\n<td>\r\n<p><b>Tempo de retirada<\/b><\/p>\r\n<\/td>\r\n<td>\r\n<p><b>Limite de refer\u00eancia<\/b><\/p>\r\n<\/td>\r\n<\/tr>\r\n<tr>\r\n<td>\r\n<p><span style=\"font-weight: 400;\">Bancos nacionais<\/span><\/p>\r\n<\/td>\r\n<td>\r\n<p><span style=\"font-weight: 400;\">1\u20133 minutos<\/span><\/p>\r\n<\/td>\r\n<td>\r\n<p><span style=\"font-weight: 400;\">10 a 30 minutos<\/span><\/p>\r\n<\/td>\r\n<td>\r\n<p><span style=\"font-weight: 400;\">50.000 &#8211; 200.000.000 VND<\/span><\/p>\r\n<\/td>\r\n<\/tr>\r\n<tr>\r\n<td>\r\n<p><span style=\"font-weight: 400;\">Pagamento por QR Code<\/span><\/p>\r\n<\/td>\r\n<td>\r\n<p><span style=\"font-weight: 400;\">30 segundos \u2013 2 minutos<\/span><\/p>\r\n<\/td>\r\n<td>\r\n<p><span style=\"font-weight: 400;\">10 a 30 minutos<\/span><\/p>\r\n<\/td>\r\n<td>\r\n<p><span style=\"font-weight: 400;\">50.000 &#8211; 100.000.000 VND<\/span><\/p>\r\n<\/td>\r\n<\/tr>\r\n<tr>\r\n<td>\r\n<p><span style=\"font-weight: 400;\">carteira eletr\u00f4nica<\/span><\/p>\r\n<\/td>\r\n<td>\r\n<p><span style=\"font-weight: 400;\">1\u20135 minutos<\/span><\/p>\r\n<\/td>\r\n<td>\r\n<p><span style=\"font-weight: 400;\">5 a 20 minutos<\/span><\/p>\r\n<\/td>\r\n<td>\r\n<p><span style=\"font-weight: 400;\">20.000 &#8211; 50.000.000 VND<\/span><\/p>\r\n<\/td>\r\n<\/tr>\r\n<\/tbody>\r\n<\/table>\r\n<h3><b>Velocidade de processamento e tempo de espera por intervalo de tempo<\/b><\/h3>\r\n<p><span style=\"font-weight: 400;\">Na pr\u00e1tica, as transa\u00e7\u00f5es mais r\u00e1pidas costumam ocorrer durante o hor\u00e1rio comercial, enquanto as noites e os fins de semana podem ser mais lentos devido ao aumento do volume de pedidos. Uma plataforma bem otimizada ter\u00e1 um mecanismo autom\u00e1tico de revis\u00e3o de pedidos e priorizar\u00e1 as transa\u00e7\u00f5es por ordem de chegada.<\/span><\/p>\r\n<p><span style=\"font-weight: 400;\">Na OKP, os usu\u00e1rios geralmente esperam que os dep\u00f3sitos sejam quase instant\u00e2neos, enquanto os saques dependem muito da verifica\u00e7\u00e3o e da carga do sistema. \u00c9 aconselh\u00e1vel sacar antes dos hor\u00e1rios de pico se voc\u00ea precisar dos fundos rapidamente.<\/span><\/p>\r\n<h3><b>Seguran\u00e7a da conta e mitiga\u00e7\u00e3o de riscos de transa\u00e7\u00e3o<\/b><\/h3>\r\n<p><span style=\"font-weight: 400;\">A seguran\u00e7a \u00e9 fundamental. Os participantes do mercado OKP devem priorizar plataformas com prote\u00e7\u00e3o em m\u00faltiplas camadas: senhas fortes, autentica\u00e7\u00e3o OTP, alertas para logins incomuns e mecanismos para limitar a\u00e7\u00f5es quando anomalias forem detectadas.<\/span><\/p>\r\n<p><span style=\"font-weight: 400;\">Al\u00e9m disso, os h\u00e1bitos do usu\u00e1rio tamb\u00e9m s\u00e3o importantes: n\u00e3o compartilhe c\u00f3digos de verifica\u00e7\u00e3o, n\u00e3o fa\u00e7a login em dispositivos desconhecidos e troque sua senha a cada 30 a 60 dias para reduzir os riscos.<\/span><\/p>\r\n<h2><b>Atendimento ao cliente flex\u00edvel, suporte t\u00e9cnico r\u00e1pido<\/b><\/h2>\r\n<figure id=\"attachment_189\" aria-describedby=\"caption-attachment-189\" style=\"width: 800px\" class=\"wp-caption aligncenter\"><img loading=\"lazy\" decoding=\"async\" class=\"size-full wp-image-189\" src=\"http:\/\/okph.us.com\/wp-content\/uploads\/2026\/02\/velocidade-de-resposta-faz-toda-a-diferenca.jpg\" alt=\"Velocidade de resposta faz toda a diferen\u00e7a\" width=\"800\" height=\"400\" srcset=\"http:\/\/okph.us.com\/wp-content\/uploads\/2026\/02\/velocidade-de-resposta-faz-toda-a-diferenca.jpg 800w, http:\/\/okph.us.com\/wp-content\/uploads\/2026\/02\/velocidade-de-resposta-faz-toda-a-diferenca-300x150.jpg 300w, http:\/\/okph.us.com\/wp-content\/uploads\/2026\/02\/velocidade-de-resposta-faz-toda-a-diferenca-768x384.jpg 768w\" sizes=\"auto, (max-width: 800px) 100vw, 800px\" \/><figcaption id=\"caption-attachment-189\" class=\"wp-caption-text\">Velocidade de resposta faz toda a diferen\u00e7a<\/figcaption><\/figure>\r\n<p><span style=\"font-weight: 400;\">A rapidez do suporte impacta diretamente a experi\u00eancia do usu\u00e1rio, especialmente ao encontrar erros de login, problemas com transa\u00e7\u00f5es ou precisar de esclarecimentos sobre promo\u00e7\u00f5es. Uma boa equipe de atendimento ao cliente deve responder de forma clara, direta e sem rodeios.<\/span><\/p>\r\n<h3><b>M\u00e9todos de suporte e tempos de resposta da equipe de atendimento ao cliente<\/b><b><br \/><br \/><\/b><\/h3>\r\n<p><span style=\"font-weight: 400;\">Os canais mais populares incluem chat ao vivo, linhas diretas (hotline) e redes sociais, cada um desempenhando um papel importante na experi\u00eancia de atendimento ao cliente. Entre eles, o chat ao vivo se destaca por sua rapidez, facilidade de uso e pela possibilidade de manter o hist\u00f3rico da conversa, o que permite ao jogador retomar um atendimento sem precisar explicar tudo novamente. Al\u00e9m disso, esse canal \u00e9 extremamente adequado para resolver transa\u00e7\u00f5es, esclarecer d\u00favidas t\u00e9cnicas, orientar sobre dep\u00f3sitos e saques ou fornecer instru\u00e7\u00f5es detalhadas em tempo real.<\/span><\/p>\r\n<h3><b>Qualidade da consulta e resolu\u00e7\u00e3o efetiva do problema<\/b><\/h3>\r\n<p><span style=\"font-weight: 400;\">O que os jogadores de OKP precisam \u00e9 de uma resposta espec\u00edfica: o que est\u00e1 faltando, o que fazer em seguida e quanto tempo levar\u00e1? Um bom suporte n\u00e3o se resume a dizer &#8220;por favor, aguarde&#8221;, mas sim a gui\u00e1-los pelos passos corretos: verificar os dados banc\u00e1rios, conferir os c\u00f3digos de transa\u00e7\u00e3o, confirmar as informa\u00e7\u00f5es da conta, etc. Quando uma plataforma possui um processo de suporte padronizado, a taxa de resolu\u00e7\u00e3o ser\u00e1 maior e os jogadores sofrer\u00e3o menos interrup\u00e7\u00f5es.<\/span><\/p>\r\n<h3><b>Construa uma comunidade de jogadores e mantenha-os atualizados<\/b><\/h3>\r\n<p><span style=\"font-weight: 400;\">A forte comunidade da OKP desempenha um papel essencial para ajudar os jogadores a se manterem sempre bem informados sobre promo\u00e7\u00f5es, eventos especiais e dicas de jogos, permitindo o acesso r\u00e1pido a informa\u00e7\u00f5es relevantes e atualizadas. Gra\u00e7as a essa intera\u00e7\u00e3o constante, os usu\u00e1rios conseguem aproveitar oportunidades exclusivas, acompanhar novidades da plataforma e trocar experi\u00eancias com outros jogadores de forma segura e eficiente.<\/span><\/p>\r\n<p><span style=\"font-weight: 400;\">Al\u00e9m disso, a OKP investe em an\u00fancios claros, objetivos e transparentes, o que contribui significativamente para a redu\u00e7\u00e3o de mal-entendidos, especialmente em situa\u00e7\u00f5es que envolvem altera\u00e7\u00f5es nas condi\u00e7\u00f5es das promo\u00e7\u00f5es, ajustes de b\u00f4nus ou cronogramas de manuten\u00e7\u00e3o do sistema. Essa comunica\u00e7\u00e3o direta ajuda a evitar confus\u00f5es e garante que todos os jogadores estejam alinhados com as regras e atualiza\u00e7\u00f5es mais recentes.<\/span><\/p>\r\n<h2><b>Dicas para jogar com seguran\u00e7a e gerenciar seu capital de forma eficaz no OKP<\/b><\/h2>\r\n<figure id=\"attachment_186\" aria-describedby=\"caption-attachment-186\" style=\"width: 800px\" class=\"wp-caption aligncenter\"><img loading=\"lazy\" decoding=\"async\" class=\"size-full wp-image-186\" src=\"http:\/\/okph.us.com\/wp-content\/uploads\/2026\/02\/dicas-para-jogar-okp-gestao-de-capital-para-sucesso-a-longo-prazo.jpg\" alt=\"Dicas para jogar OKP: Gest\u00e3o de capital para sucesso a longo prazo\" width=\"800\" height=\"400\" srcset=\"http:\/\/okph.us.com\/wp-content\/uploads\/2026\/02\/dicas-para-jogar-okp-gestao-de-capital-para-sucesso-a-longo-prazo.jpg 800w, http:\/\/okph.us.com\/wp-content\/uploads\/2026\/02\/dicas-para-jogar-okp-gestao-de-capital-para-sucesso-a-longo-prazo-300x150.jpg 300w, http:\/\/okph.us.com\/wp-content\/uploads\/2026\/02\/dicas-para-jogar-okp-gestao-de-capital-para-sucesso-a-longo-prazo-768x384.jpg 768w\" sizes=\"auto, (max-width: 800px) 100vw, 800px\" \/><figcaption id=\"caption-attachment-186\" class=\"wp-caption-text\">Dicas para jogar OKP: Gest\u00e3o de capital para sucesso a longo prazo<\/figcaption><\/figure>\r\n<p><span style=\"font-weight: 400;\">Muitas pessoas ignoram esse aspecto, mas ele determina se voc\u00ea joga de forma consistente ou impulsiva. Em plataformas de entretenimento online, gerenciar suas finan\u00e7as e controlar suas emo\u00e7\u00f5es \u00e9 crucial, principalmente para iniciantes.<\/span><\/p>\r\n<h3><b>Divida seu capital em parcelas, evitando fazer um grande dep\u00f3sito de uma s\u00f3 vez<\/b><\/h3>\r\n<p><span style=\"font-weight: 400;\">Uma estrat\u00e9gia comum \u00e9 dividir seu capital de OKP em 3 a 5 partes para jogar em sess\u00f5es. Por exemplo, se voc\u00ea tiver 1.000.000 VND, pode dividi-lo em 5 sess\u00f5es, cada uma com 200.000 VND, para manter um ritmo constante e reduzir o risco de perder tudo rapidamente. Se perder duas sess\u00f5es consecutivas, deve parar por 15 a 30 minutos. Essa regra parece simples, mas ajuda muitas pessoas a evitar apostas impulsivas.<\/span><\/p>\r\n<h3><b>Defina seu or\u00e7amento de apostas e limites de ganhos\/perdas antes de iniciar um jogo<\/b><\/h3>\r\n<p><span style=\"font-weight: 400;\">Estat\u00edsticas sobre o comportamento de traders de OKP mostram que aqueles que definem limites claros tendem a proteger melhor seu capital do que aqueles que negociam impulsivamente. Voc\u00ea pode definir um stop-loss em 20% do seu capital por sess\u00e3o e um take-profit em 30% do seu capital por sess\u00e3o. \u00c9 importante ressaltar que, ao atingir a meta, pare conforme o planejado, pois tentar recuperar perdas ou obter mais lucro apenas aumenta o risco de sofrer novas perdas.<\/span><\/p>\r\n<h3><b>Priorize jogos que combinem com voc\u00ea, n\u00e3o siga apenas o ritmo dos outros<\/b><\/h3>\r\n<p><span style=\"font-weight: 400;\">Um erro cl\u00e1ssico \u00e9 ver os outros ganharem e tentar imit\u00e1-los. Na realidade, cada jogo de OKP tem um ritmo de apostas diferente: alguns s\u00e3o r\u00e1pidos, outros exigem paci\u00eancia e outros ainda s\u00e3o mais estrat\u00e9gicos. O ideal \u00e9 escolher um grupo de jogos com os quais voc\u00ea j\u00e1 esteja familiarizado, testar com apostas pequenas por 10 a 15 minutos e, em seguida, aumentar os valores gradualmente. Isso ajuda a manter um melhor controle e a jogar com mais calma.<\/span><\/p>\r\n<h2><b>Concluir<\/b><\/h2>\r\n<p><b>OKP <\/b><span style=\"font-weight: 400;\">ideal para jogadores que preferem uma plataforma simples e intuitiva, um ecossistema de entretenimento amplo e transa\u00e7\u00f5es relativamente convenientes. Se voc\u00ea prioriza uma experi\u00eancia fluida, ofertas de f\u00e1cil acesso e suporte r\u00e1pido, esta \u00e9 uma \u00f3tima op\u00e7\u00e3o para come\u00e7ar uma jornada de entretenimento segura e proativa.<\/span><\/p>\r\n","protected":false},"excerpt":{"rendered":"<p>OKP: O Principal E Mais Conceituado Site De Apostas Online Da \u00c1sia Em 2026\u00a0 OKP est\u00e1 ganhando popularidade gra\u00e7as ao seu diversificado ecossistema de entretenimento, opera\u00e7\u00e3o tranquila e pol\u00edticas promocionais acess\u00edveis. Neste artigo, vou detalhar tudo, desde a experi\u00eancia do usu\u00e1rio, reputa\u00e7\u00e3o, produtos, promo\u00e7\u00f5es e servi\u00e7os de suporte, para que voc\u00ea tenha uma vis\u00e3o clara [&#8230;]\n","protected":false},"author":1,"featured_media":191,"parent":0,"menu_order":0,"comment_status":"closed","ping_status":"open","template":"","meta":{"footnotes":""},"class_list":["post-2","page","type-page","status-publish","has-post-thumbnail","hentry"],"_links":{"self":[{"href":"http:\/\/okph.us.com\/index.php\/wp-json\/wp\/v2\/pages\/2","targetHints":{"allow":["GET"]}}],"collection":[{"href":"http:\/\/okph.us.com\/index.php\/wp-json\/wp\/v2\/pages"}],"about":[{"href":"http:\/\/okph.us.com\/index.php\/wp-json\/wp\/v2\/types\/page"}],"author":[{"embeddable":true,"href":"http:\/\/okph.us.com\/index.php\/wp-json\/wp\/v2\/users\/1"}],"replies":[{"embeddable":true,"href":"http:\/\/okph.us.com\/index.php\/wp-json\/wp\/v2\/comments?post=2"}],"version-history":[{"count":2,"href":"http:\/\/okph.us.com\/index.php\/wp-json\/wp\/v2\/pages\/2\/revisions"}],"predecessor-version":[{"id":192,"href":"http:\/\/okph.us.com\/index.php\/wp-json\/wp\/v2\/pages\/2\/revisions\/192"}],"wp:featuredmedia":[{"embeddable":true,"href":"http:\/\/okph.us.com\/index.php\/wp-json\/wp\/v2\/media\/191"}],"wp:attachment":[{"href":"http:\/\/okph.us.com\/index.php\/wp-json\/wp\/v2\/media?parent=2"}],"curies":[{"name":"wp","href":"https:\/\/api.w.org\/{rel}","templated":true}]}}